-1.
5
Evaluate -4 - (3 + 1 - (6 + -2)).
-4
Evaluate (-1 - 2) + 0 + 3.
0
(0 - 0) + (-10 - -5) + -2
-7
Evaluate 0 - -2 - (37 + -36).
1
What is the value of 6 + 6 - 4 - 7?
1
What is the value of 46 - 41 - (0 - -2)?
3
What is the value of -2 + (1 - -3 - (-12 + 10))?
4
What is the value of -1 + -3 + (-12 - -11)?
-5
(-48 + 52 - (0 - -7)) + -2
-5
What is -8 - (-8 - 6) - (5 + -2)?
3
What is -12 + 7 - (-2 + 0 + 2)?
-5
What is 5 + 2 - -6 - 5?
8
What is the value of (0 + -9 - (-2 - 3)) + 0?
-4
-2 - (-7 - (0 - 7))
-2
Calculate 2 + 0 + 4 + -2.
4
What is the value of -6 - 3 - (-13 - -2)?
2
What is 6 + (1 + -9 - (-8 + 6))?
0
-4 + 1 + 5 + -3
-1
Calculate (4 - (0 + 4)) + -1 - 4.
-5
Calculate 0 + 9 - (-3 - -6).
6
What is the value of (0 - -2) + (-3 + -5 - -3)?
-3
Evaluate -41 + 46 - (8 - -2).
-5
Calculate -6 - (-2 + 0) - -5.
1
Calculate -13 + 37 + -10 - 10.
4
What is ((-2 - -1) + 0 - -1) + 4?
4
What is the value of 7 + 2 + (-4 - -1)?
6
What is the value of -1 - (-5 - (3 - (6 - 1)))?
2
Evaluate -7 + (4 + -5 - -2).
-6
What is -1 + -4 + (1 - 8 - -6)?
-6
Evaluate 3 + -6 + -1 - (-15 - -10).
1
What is the value of -5 + 4 - 1 - (1 - 3)?
0
What is the value of -4 + (-7 - -9) - (-2 - -7)?
-7
What is 3 - (0 + 8 + 13 + -17)?
-1
11 - (4 + 1 + 0) - 6
0
What is -1 + 1 + (-1 - 1) + -3?
-5
Calculate -3 + 2 + -7 + 8 + -7.
-7
What is 23 + -30 + (-1 - -8)?
0
Calculate -6 + -7 + -6 + 11 + 17.
9
-6 + 5 + -4 + 6 + -2
-1
-4 - -12 - (6 + (-1 - 3))
6
What is -2 - (1 - -2) - (-4 + 0)?
-1
What is -12 - ((0 - -7) + -13)?
-6
Evaluate 9 + 8 + -8 - 10.
-1
What is 1 - -1 - -2 - 9?
-5
-2 + (0 - 0) - (-6 - -4)
0
Evaluate -8 - -4 - (-2 + 2 + -1).
-3
-9 + 8 + -1 + -1 + -5
-8
-1 - 2 - ((1 - 2) + -7)
5
Calculate (-3 - 1) + 8 + 0.
4
Calculate -1 + 2 + 1 + 1 + 2.
5
Evaluate ((-6 - 0) + -1 - -8) + 2.
3
What is the value of -7 + (7 - -1 - 2) + -4?
-5
(5 - 0) + -8 + 4 + -1
0
4 - (-2 - (5 + -11 - -5))
5
What is 1 + (-7 - -1) - -13?
8
Calculate 9 + -18 + 0 + 9.
0
Calculate (2 + -2 - (8 - 13)) + -9.
-4
What is the value of 1 - (-3 - -1 - -3)?
0
What is -8 - ((-28 - -5) + 12)?
3
-1 + 8 + 8 + -12
3
Calculate -2 - 4 - ((-2 - -2) + -1).
-5
What is the value of (4 - 5) + (0 - 1) + 1?
-1
3 + -2 + -1 - (-12 + 9)
3
Calculate 12 - (-2 + 17 + -9).
6
What is the value of 2 - (-6 - (3 + -4 + -2))?
5
Evaluate (-1 - -7) + 2 + -20 + 13.
1
What is (-4 - -1) + 12 + -5 - -1?
5
What is 3 + 4 + (-2 - 4)?
1
Evaluate 2 + (3 + 1 - 6) - 5.
-5
What is (3 - -6 - 9) + -2 + 0?
-2
What is 3 + -6 + 2 + -8?
-9
Evaluate -1 + (-1 - (-3 + 3) - -4).
2
What is -1 + (2 - 1) - (-90 + 92)?
-2
Evaluate (-6 - (-13 + 3)) + -9.
-5
What is the value of -6 - (-13 + 4 + 5)?
-2
What is the value of 7 + 5 + -8 - 3?
1
Calculate -4 + -8 + 10 + -2.
-4
-1 + 1 + (12 - 10)
2
What is the value of 7 + -1 + (1 - (8 - 2))?
1
7 + (5 - 4) + (-3 - 0)
5
Evaluate 9 + (-7 + -1 - (6 - 9)).
4
4 + (-8 - -4) - 0
0
What is the value of -21 + 1 + 10 + -1?
-11
What is the value of -3 - -1 - (-10 - -6)?
2
What is the value of -1 - ((7 - 4 - 0) + 0)?
-4
Evaluate -6 + -9 + 17 - 10.
-8
Evaluate -6 + 26 + -2 - 5 - 5.
8
What is -10 + (29 - 5) - 5?
9
Calculate 1 + -3 + 3 - (4 - 3).
0
(3 - (-4 + 10)) + 10 + -7
0
What is the value of (6 - -1) + -2 - 13 - -18?
10
What is the value of 1 - (7 + -3 + 5) - -3?
-5
Calculate (3 - -3) + 0 + 0 + -1.
5
What is 2 + -2 - (3 + 0 + -4)?
1
-2 + (0 - -5) + (-6 - -3)
0
4 - (2 + (4 - -1))
-3
Evaluate 2 - -1 - (-1 + 3 + -1).
2
Calculate -7 + (1 - -6 - (1 - -1)).
-2
What is 3 - (3 + -4 + 3)?
1
What is -1 - -9 - 5 - (5 - -1)?
-3
What is the value of 7 + -14 + 7 - 1?
-1
What is the value of (0 - -2) + -3 + 7 + -1?
5
What is the value of 9 + -3 + (4 - 16)?
-6
Calculate 0 - (3 - (3 - 3)).
-3
Calculate -5 + (-2 - -1) - -1.
-5
What is the value of 1 - (1 + (-5 - -5 - 3))?
3
What is -1 + 4 - (5 + (2 - 4))?
0
4 + 10 + 1 + -23
-8
Evaluate 4 - 12 - -1 - -2.
-5
(-19 - -11) + 18 + -6
4
What is the value of (-86 - -75) + 7 + 0?
-4
What is the value of 2 + -2 + 3 + -3?
0
What is 0 - 3 - -9 - 9 - 4?
-7
What is (-12 - -4) + 3 + 10?
5
What is the value of -7 - (-9 + 3 + -6)?
5
What is 0 - 1 - (4 + -3)?
-2
What is (5 - 1) + -1 + 5 + -3?
5
What is the value of 0 + (-5 - -8) - (-1 - -2)?
2
What is -7 + 1 - (-13 + (0 - -1))?
6
What is -15 + 15 - (0 + 0)?
0
Calculate 93 + -94 - (0 - 6).
5
-7 + (2 - -2) - -4
1
What is 0 + 0 + 3 - (-5 + 6)?
2
What is -1 + -4 - (15 - 18) - -7?
5
What is 0 + 4 + (0 + 5 - 4)?
5
Evaluate 1 + (4 - 4 - 1).
0
What is the value of 5 + (-6 + 7 - 6) - -2?
2
Evaluate -1 - 1 - ((4 - 3) + -3).
0
-5 - (4 + -5 + 5 + -9)
0
Evaluate 22 + -5 + -24 + 0 + 1.
-6
What is (0 - 1 - -4) + 1 + 1?
5
What is -10 - (-21 - (-11 + 1))?
1
Evaluate 3 + (1 + -4 - (-7 - -10)).
-3
What is the value of (-3 - -13) + -9 + 1?
2
Calculate 1 + -1 + -3 + (12 - 5).
4
Evaluate 4 + -9 + 3 + 5 + -2.
1
What is -8 - -1 - (1 + -3 - 1)?
-4
Calculate 13 + 4 + -11 - 12.
-6
Calculate -4 - (4 + 4 + -2 + -12).
2
What is the value of 10 + (10 - 7) - 22?
-9
What is the value of (1 - (2 + 2)) + (-14 - -12)?
-5
What is -2 + -4 + 12 + -4?
2
What is (11 - (12 - -10)) + 4?
-7
What is (1 - 13) + (-1 - -7 - -2)?
-4
Calculate 4 - ((-1 - -3) + 3 + -2).
1
Calculate 6 + -10 + 0 + (-2 - -8).
2
What is 6 + 2 - (130 + -130)?
8
What is the value of -2 + -2 - (-1 + -2)?
-1
What is -1 - 6 - (3 - 3 - 2)?
-5
Evaluate 1 - 3 - (288 + -288).
-2
What is the value of (-1 - 3) + (2 - 0) + 0?
-2
What is 16 + -1 + -8 + 0?
7
Evaluate 4 + -12 + (20 - 15).
-3
What is the value of 4 + 2 + -5 + 0?
1
What is the value of -2 - (1 - (-5 - -6))?
-2
What is (-3 - -3) + -5 + 5?
0
Evaluate -3 - (4 + 2 + -7).
-2
What is 3 + (0 - 1) - (-6 - 0)?
8
Evaluate (-7 - -1) + -2 + -2 + 4.
-6
4 + 0 + (-5 - -9) + -5
3
What is the value of (0 - (-1 + -1)) + -1?
1
Calculate (-14 - (-28 + 14)) + (1 - -4).
5
Evaluate (4 - (0 + 1)) + (1 - 8).
-4
What is (-306 - -297) + (3 + 0 - 0)?
-6
What is 36 + -31 + -2 + -9?
-6
What is -3 + (-2 - 2 - -10) + 2?
5
(-6 - -8) + -3 + -6
-7
1 - (-3 - -7) - -1
-2
Evaluate -2 + 3 - (-1 + 4).
-2
What is the value of -1 + 0 + -3 + 2?
-2
Calculate -4 - (1 + -2) - (2 - 1).
-4
11 - 14 - (0 + -5)
2
-4 - -8 - 10 - -4
-2
Calculate 2 + (1 - 1) - (34 - 28).
-4
3 - (8 - (5 - 9))
-9
Calculate (1 - -3) + 0 + 0.
4
What is the value of (1 - (16 - 8)) + 3?
-4
-6 - 1 - (-154 - -144)
3
What is the value of -2 - (2 - -4) - (-19 - -8)?
3
What is -3 + 10 + -10 + -7 + 0?
-10
What is (-8 - -5) + -1 + 5 + 4?
5
-3 - (2 - 2 - 6)
3
Evaluate -3 + -4 + 2 + (-30 - -35).
0
Calculate 9 - (-12 + 25 + -9).
5
Evaluate -5 + (5 - (6 - 7)).
1
Calculate -1 + (-7 - (1 - 5 - 6)).
2
What is -1 + 2 + (4 + -12 - -7)?
0
What is the value of 1 + (11 - (-4 + 11)) + -2?
3
Calculate -5 - -9 - -6 - (3 + 1).
6
What is the value of -36 + 49 + -19 + -4?
-10
Evaluate -6 - (-2 + -3 + 4).
-5
What is -1 + 1 - (154 - 164)?
10
Calculate -4 + -4 + -4 + 7 + -2.
-7
Calculate (-7 - 0) + -35 + 41 + -5.
-6
What is the value of 4 + (-3 - 0) + -7 + 12?
6
(-9 + 4 - -3) + -4
-6
Calculate -6 - (-8 - (-7 - -2)).
-3
What is the value of -4 - (-8 - -2) - -1?
3
Calculate 15 + -7 + (-11 - -1) + 5.
3
Calculate (-16 - -6) + 0 + 7.
-3
Calculate (20 - 24) + -1 + 3 + 0.
-2
Calculate 7 - (8 - (-1 - 1)).
-3
Calculate 2 + -1 - -7 - (6 + -4).
6
Calculate 1 + -7 - (6 - 13).
1
What is the value of -2 + -1 + (2 + 1 - 1)?
-1
12 - (-9 + (3 - -13))
5
What is the value of 17 - (8 - 0) - 16?
-7
1 + -3 + (3 - 1) + 4
4
Calculate (2 - (-4 + 7) - -1) + 0.
0
What is the value of (-2 - 1 - -8) + -11?
-6
What is the value of 136 + -145 - (0 + -12)?
3
What is 5 + -2 - (7 - 3 - 2)?
1
What is the value of 6 + -1 + (-53 - -43)?
-5
What is the value of (-18 - -14 - -2) + 2?
0
Calculate (1 + 0 - (38 + -39)) + -5.
-3
What is 1 - -8 - (5 + 0)?
4
What is -5 + 5 + (4 - 9)?
-5
What is 1 - ((-6 - -18) + -7)?
-4
What is the value of -3 + (11 - 6) + -10 + 7?
-1
Calculate -3 + 1 + (-1 - -1) - -5.
3
What is the value of (-65 + 70 - (-1 - -5)) + 8?
9
Evaluate 5 + (8 - 16) + (1 - 0).
-2
3 - (-8 + -6 + 1 + 7)
9
6 + -7 - (-1 - 2)
2
What is the value of 24 + (2 - 30) - (-7 - 1)?
4
Evaluate 5 + (-10 - (-1 + -4)) - 1.
-1
Evaluate -2 - (0 + -3 + (2 - 6)).
5
-3 + 5 + (1 - 2)
1
-11 + 8 + 6 + 2
5
0 - 2 - (-9 + 6)
1
10 + 7 + -33 + 13
-3
What is the value of -17 + -12 + 22 + 13 + 1?
7
(-1 - (2 + -10 - -4)) + 4
7
What is -7 + 1 + 4 - 0?
-2
2 - (-9 +